ative of 11*d**4/24 - 13*d**3/6 + 22*d**2. List the prime factors of h(13).
2, 5, 13
Let v = -8 + 88. Let i = v + -20. List the prime factors of i.
2, 3, 5
Let h(u) = -u**3 + 8*u**2 - 8*u + 1. Let v be h(7). Let s be (-135)/v - (-6)/(-12). List the prime factors of 1016/s + (-6)/33.
2, 23
Let y(f) = f**2 + 32*f - 36. Let t be y(-32). Suppose 5*b - 2*b + a - 205 = 0, 4*b - 278 = a. Let o = t + b. List the prime factors of o.
3, 11
Let u(q) = 2*q**3 - 21*q**2 + 13*q - 15. Let p be u(10). Suppose 62 = 3*w + 23. Suppose p*d - 62 = w*d. List the prime factors of d.
31
Suppose 0 = -14*w + 8*w + 10740. List the prime factors of w.
2, 5, 179
Suppose -5*o + 9699 = 629. List the prime factors of o.
2, 907
Let o be 3/6 + (-3)/6. Suppose x + 2*y - 1 = o, -1 = -5*x + 4*y + 18. List the prime factors of x.
3
Let c(d) = d**2 - 10*d + 6. Let r = 20 - 16. Suppose 4*z + r = 48. List the prime factors of c(z).
17
Suppose -3*o = -2*x + 33, 43 = -4*o - x + 4*x. Let y(v) = v**2 + 10*v - 5. List the prime factors of y(o).
2, 17
Suppose n - 4*n = 18. Let y = n + 6. Suppose 0 = r - 3*r - t + 16, -4*t = y. What are the prime factors of r?
2
Let j = 1321 + 35. What are the prime factors of j?
2, 3, 113
Let c = -2791 - -4120. List the prime factors of c.
3, 443
Let h = 323 - 153. List the prime factors of h.
2, 5, 17
Suppose -h + 5*u + 16 = 0, -8 = -3*h - 0*h - 5*u. Suppose 0 = -3*a + 2*m + 471, -h*a = -3*a + m - 462. What are the prime factors of a?
5, 31
Let b be -2 - -1 - 9/(-3). Suppose 71 = b*s - 3*t, 43 = s + t - 4*t. What are the prime factors of s?
2, 7
Let y be (4/(-8))/(2/8). Let w(t) = -21*t - 4. What are the prime factors of w(y)?
2, 19
Suppose -10 = i + 5*t + 2, -12 = -3*i - 3*t. Suppose i*c - 56 = 7*c. What are the prime factors of c?
2, 7
Suppose 7 = m + 2. Suppose 4*r - 10 = -m*c + 21, -5*r + 45 = 5*c. What are the prime factors of r?
2, 7
Let v = 2856 + -1691. List the prime factors of v.
5, 233
Suppose 2*i + 146 = 4*i. What are the prime factors of i/7 - (-39)/(-91)?
2, 5
Let l(y) = -y**2. Let x(r) = 5*r**2 - 10*r + 2. Let n(v) = -4*l(v) - x(v). Let q = 8 + 0. What are the prime factors of n(q)?
2, 7
Let j be 174/9 + (-2)/(-3). Suppose -p + j = -31. List the prime factors of p.
3, 17
Suppose -11*z - 30 = -14*z. List the prime factors of 4/z + (-573)/(-5).
5, 23
Suppose -166 = 4*f - 2*f + 2*i, 3*i - 191 = 2*f. What are the prime factors of (f/(-32))/((-2)/(-40))?
5, 11
Let n = -4 + 5. Let z = 4 - n. Suppose b = -3*d + 13 + 11, z*d = 4*b - 96. List the prime factors of b.
2, 3
Suppose 26*m - 2*m - 15144 = 0. What are the prime factors of m?
631
Suppose j + 2205 = 2*j + 2*n, 0 = j - 4*n - 2199. List the prime factors of j.
2203
What are the prime factors of ((-9)/((-54)/20))/((-2)/(-279))?
3, 5, 31
What are the prime factors of (728/(-20))/((-16)/40)?
7, 13
Suppose 5375 = 14*d - 337. List the prime factors of d.
2, 3, 17
Let v be -3 + (-5)/((-25)/40). Suppose 4*h - 84 = h - u, -4*u = -v*h + 140. What are the prime factors of h?
2, 7
Suppose 2*r + d - 186 = 3*d, 2*d = -2*r + 190. List the prime factors of r.
2, 47
Let m(b) = -b + 1. Let d(y) = -y**2 + 5*y - 15. Let n(j) = -d(j) - 3*m(j). List the prime factors of n(9).
3, 5
Let z(g) = -g**2 - 10*g + 5. Let t be z(-10). Suppose 2*n + f = n + 51, t = -5*f. List the prime factors of n.
2, 13
Let m(p) = 4*p - 18. Let b be m(8). Let q be (-4)/b - (-1474)/14. Suppose v - q = -2*v. What are the prime factors of v?
5, 7
Suppose -5*v = -5*i - 1060, -5*v + 0*i = -i - 1060. What are the prime factors of v?
2, 53
Suppose 3*k = 7 + 8, -5*c - 25 = -5*k. What are the prime factors of (-4)/1 + c + (-332)/(-2)?
2, 3
Let t(q) = 4*q**2 - 10*q - 71. List the prime factors of t(11).
3, 101
Let g = 20 - 17. Let p(s) = s**2 + 3*s - 1. List the prime factors of p(g).
17
Let a = 1389 - 743. What are the prime factors of a?
2, 17, 19
Let v = 691 + -301. List the prime factors of v.
2, 3, 5, 13
List the prime factors of 1336 + (-7 - (-6 + 6)).
3, 443
Let p = -594 - -901. What are the prime factors of p?
307
Let d = -44 + 53. List the prime factors of ((d/6)/3)/((-6)/(-276)).
23
Suppose 5*z + 4*c = 17, 19 = 5*z - 0*c + 3*c. Let f(g) be the first derivative of 3*g**2/2 - g + 8. What are the prime factors of f(z)?
2, 7
Let n(z) = -124*z**2 - 2*z. Let h be n(-1). Let a = h + 205. What are the prime factors of a?
83
Let u = -20 - -21. Suppose 0 = 4*o - 13 + u. Suppose -52 = -q - 2*z, q - 2*z - o = 29. List the prime factors of q.
2, 3, 7
Suppose -15468 = 25*v - 37*v. What are the prime factors of v?
1289
Suppose 0 = 9*k - 50057 + 8774. List the prime factors of k.
3, 11, 139
Let w(z) = 5*z**3 + 5*z**2 - 4*z + 217. Let s(t) = 9*t**3 + 9*t**2 - 7*t + 433. Let f(q) = 4*s(q) - 7*w(q). What are the prime factors of f(0)?
3, 71
List the prime factors of (-68)/374 + (-2 - (-15162)/22).
3, 229
Suppose 0 = -3*t + 9*t - 30. Suppose -t*u + 82 = -58. List the prime factors of u.
2, 7
Let d(a) = a**2 + 8*a - 7. Let m be d(-9). Suppose -m*y = o, -6*y = -2*o - 2*y + 40. Let l = 21 - o. What are the prime factors of l?
11
Let q(z) = 9*z**3 - 2*z**2 - 4*z + 5. Let a(m) = m**3 + 11*m**2 + 19*m + 11. Let c be a(-9). What are the prime factors of q(c)?
61
Let p be (-4 - -3)/(1/(-5)). Suppose p + 3 = 4*y. List the prime factors of (-5 + y)/(3/(-8)).
2
Let k = -3 - -7. Suppose -k*j + j + 126 = 3*d, 0 = -3*j + 3*d + 138. List the prime factors of j.
2, 11
What are the prime factors of 3*103*(-13 + 14) + 0?
3, 103
Let c(j) = -6*j**3 - 14*j - 27. What are the prime factors of c(-3)?
3, 59
Let k(i) = 3*i + 3. Let p be k(-5). What are the prime factors of (51/p)/(7/(-84))?
3, 17
Suppose 0 = 12*x + 4*x + 1216. Let m = 229 + x. List the prime factors of m.
3, 17
Suppose 2*g = t - 4*t + 39, 75 = 5*g + 3*t. Let s be (g/2)/2 + 1. List the prime factors of (42/s)/(18/24).
2, 7
Let o = 1543 - -1085. List the prime factors of o.
2, 3, 73
Suppose -8 = -4*f + 16. Suppose 0 = 3*x + 3*q - f, 4*x = 2*q - 4*q + 14. List the prime factors of 122/x - 4/10.
2, 3
Suppose -11 + 31 = -4*v. Let n(a) = -17 - 8*a + 5 + 4*a. What are the prime factors of n(v)?
2
Suppose 0 = 9*t - 6*t - 183. What are the prime factors of t?
61
Let k = -137 + 72. Let p = k + 141. List the prime factors of p.
2, 19
Let i(x) = -7*x - 13. Let w be i(-22). Let t = 198 - w. List the prime factors of t.
3, 19
Let b = 685 - -991. What are the prime factors of b?
2, 419
Suppose 3*q - 15 = -3. Suppose -280 = -4*m + q*a, 2*a - 4*a + 220 = 3*m. What are the prime factors of m?
2, 3
Suppose 8*n + 2*u - 11 = 11*n, n = -u - 2. Let k = 59 + -33. What are the prime factors of (2*(n - k))/(-2)?
29
Let i = 553 - 117. List the prime factors of i.
2, 109
Let f be 8/(-6)*(-3)/(-2). Let o be f/(-12) - (-249)/18. Let u = o + -9. What are the prime factors of u?
5
Let o(a) = 3*a**3 - 13*a**2 - 5*a - 3. Let c be o(5). Suppose s + 2*y - 5 = c, y = 2*s - 69. What are the prime factors of s?
3, 11
Let c be 2/3 + 430/30. Let q = c + -13. Suppose 14 = q*m - 22. What are the prime factors of m?
2, 3
List the prime factors of ((-46040)/30)/(8/(-12)).
2, 1151
Let z(s) = 49*s + 1. Let x be z(3). Suppose 0 = -4*h - 2*y + x, -2*y = -0*h + 2*h - 78. Suppose 37 = 4*v - h. What are the prime factors of v?
2, 3
Let q = 3533 + -1610. List the prime factors of q.
3, 641
Suppose 0 = -2*i - 4*c + 360, -2*c = -4*i + 2*i + 390. What are the prime factors of i?
2, 5, 19
Let o be 1 + (-2)/5 + 88/20. Let s = 56 + o. List the prime factors of s.
61
Let k(h) = h**2 - 5*h - 8. Let s(u) = -u**2 + 1. Let v(p) = -k(p) - 4*s(p). Let b be 138/(-42) - 4/(-14). List the prime factors of v(b).
2
Let l be -3 - (4 + (-1 - 0)). Let h be ((-2)/(-3))/(l/(-207)). Suppose h = u + u + w, -2*u - 5*w + 3 = 0. List the prime factors of u.
2, 7
List the prime factors of (-5)/(-20)*-4*-667.
23, 29
Suppose -540 = -5*r + i, -193 - 239 = -4*r + i. List the prime factors of -2*(r/(-8) + -3).
3, 11
List the prime factors of (7491/55)/(1/5*1).
3, 227
Let r be (1 - -1)*(0 - -2). Suppose -4*w + 56 = -r*s, -5*w + 0*s + s + 74 = 0. Suppose v = 2*c + 9, 7*v + 5*c = 2*v + w. List the prime factors of v.
5
What are the prime factors of (-3552)/74*6/(-4)?
2, 3
Suppose -2*z + 1 = -3. Suppose -3*u + 154 = z*s, -4*u + u - 130 = -2*s. What are the prime factors of s?
71
Suppose 0 = 3*o + 9 -